*z = -852669 - 446278. Is h prime?
False
Suppose 12 = -3*p, 4*a + 60 + 36 = -2*p. Let n = a - -25. Suppose -n*q + 344 = 2*q - 3*l, l + 204 = 3*q. Is q a composite number?
False
Suppose -2*h = 4*i + 34, -10 = h - 13. Let n(v) = -v**3 - v**2 + 13*v + 27. Is n(i) a composite number?
False
Suppose -147*h = -129*h - 162. Suppose a = -11*k + h*k + 675, 5*a - 5*k - 3390 = 0. Is a a prime number?
True
Suppose 90 = 17*a + 260. Let y(q) = -6*q**3 - q**2 - 10*q - 2. Is y(a) a prime number?
False
Suppose 1146823 = 13*l + 84840. Is l a composite number?
True
Let s(f) = -1000*f - 3743. Is s(-55) prime?
True
Let m(c) = c. Let k(w) = -w**3 - 2*w**2 + 9*w + 7. Let g(t) = -k(t) + 2*m(t). Is g(13) composite?
False
Let w = 4 + -1. Suppose 5*k = -w*f + 16, 3*f - 4 = f. Suppose k*u + 3*u - 1655 = 0. Is u a composite number?
False
Let z be (-11)/3*-9 - (-1 - -4). Suppose 17*n + 68731 = z*n. Is n composite?
True
Suppose 0 = -5*o - 13 + 63. Let r be 7*(2/o - 9/(-105)). Suppose -1104 = -4*m - 4*i, -4*m + i = r*i - 1089. Is m a composite number?
False
Let y(s) = -24*s**2 + 358*s + 6. Let a be y(15). Let o(v) = 6*v + v + 25 + 10*v + 2*v**2 + 0*v**2. Is o(a) a prime number?
True
Let k be (-6)/((-30)/(-325)) - 4. Is 4794/4*(-46)/k composite?
True
Let k be 5/(-2) + 91461/86. Suppose -4*x - k = -3265. Is x a prime number?
False
Let j = -716 - -2059. Is j composite?
True
Suppose -40*d - s + 1018 = -36*d, 5*d - 5*s = 1260. Is d a prime number?
False
Let k(m) = -9*m**3 - 7*m**2 - 8*m + 10. Let p(j) = -2*j**2 - 1. Let t(y) = -k(y) + p(y). Let b = 18 - 12. Is t(b) a prime number?
True
Let g = 177 + -171. Is (1 - 363/g)*-2 prime?
False
Is 104619 + 23/(184/16) composite?
True
Suppose 0*g + 14*g - 219193 = 262869. Is g a prime number?
False
Suppose -2*o - 336*f = -332*f - 185182, 5*f = 5*o - 462910. Is o prime?
False
Let k(n) = n**2 - 7*n - 5. Let m be k(8). Suppose -26 = m*b - 4*b. Suppose -2*l = -0*l - b. Is l prime?
True
Let s be -126*(2/(6/2969) - 0). Is 5 + (-6)/(5 - s/(-24936)) composite?
False
Let a(b) = -87*b**2 + 10*b + 95. Let r be a(-6). Let c = r - -5426. Is c a composite number?
True
Is (-9 + 3138/(-12))/(2/(-412)) prime?
False
Let l(t) be the second derivative of 323*t**3/3 + 5*t**2 + 27*t. Is l(4) composite?
True
Suppose 0*a = -6*a + 8*a - 74422. Is a prime?
False
Suppose 3 + 19 = m. Let s = -17 + m. Suppose -49 = -n + s*t, 0*n - 329 = -5*n + 4*t. Is n prime?
False
Suppose 16*l - 14778 = 22*l. Is (-38)/19*l/2 composite?
True
Let s(m) = 32*m**3 - 5*m**2 - 5*m - 22. Let u be s(5). Let c = u + 23691. Is c prime?
False
Let g be (-77)/(-7) - (3 + -3)/4. Suppose g*x - 78600 + 19783 = 0. Is x a composite number?
False
Suppose 0 = -5*z - 3*v + 1703615, v = 5*z - 1840143 + 136528. Is z composite?
False
Suppose -n + i - 700 = 0, -i + 2126 = -2*n + 730. Let z = -403 - n. Is z a prime number?
True
Let y = 105 + 2993. Is y/(4 + (6/(-18) - 3)) a prime number?
False
Let l(h) = 6*h**3 - 14*h**2 + 39*h - 217. Is l(20) composite?
True
Is 4 - (-3 + -950367 + 12) - 3 composite?
True
Is 9501872081/(-838)*(-2)/13 a composite number?
False
Suppose 0 = 4*m + 5*g - 676 + 1944, 0 = -2*g. Let d be m/((-3 - (-12)/3)/1). Let w = 726 - d. Is w a composite number?
True
Let z(m) = 7*m**2 - 34*m + 32. Let k be z(15). Let t = k + -244. Is t composite?
False
Let v = 4967 + 5013. Let r = v + -1923. Is r composite?
True
Let q be 70231/14 + 9 + 2/4. Let h = q + 1603. Is h prime?
False
Suppose -3*c - 170203 = -5*c + n, -n - 85098 = -c. Is c prime?
False
Suppose 4*y = 4*d - 39472, 108*y - 107*y - 29584 = -3*d. Is d composite?
True
Suppose -13*w + 13745 = -60030. Suppose w - 322 = x. Is x prime?
False
Is 5/((-15)/(-3778872)) + (24/(-8) - -6) composite?
False
Suppose 119*o = 121*o - 14. Let y = 212 + -149. Is 11414/o + 27/y a composite number?
True
Let a(f) = -21*f**3 + 5*f**2 + 7*f + 15. Let u(c) = -2*c + 74. Let k be u(39). Is a(k) a composite number?
True
Let s be 2/9 + 1262490/135. Suppose -2*d = f - 2343, 0 = -4*f + 4*d - 8*d + s. Is f a prime number?
True
Let d be (216/32 - 7) + (-2)/(-8). Suppose d = -158*j + 159*j - 5519. Is j a prime number?
True
Is 7*18097 - (13 + -23 + 12) a prime number?
False
Let w = -260 + 689. Suppose 17*j + w = 14*j. Let i = 156 - j. Is i composite?
True
Suppose -j - 328806 = -5*v, -v + 107252 = j + 41492. Is v prime?
True
Let x(t) = 2*t**3 - 13*t**2 - 8*t - 2. Let r be x(11). Suppose -6*i + r = -615. Suppose 0 = 69*p - 68*p - i. Is p a composite number?
False
Let a be 30/240 + 121071/8. Let l = -10065 + a. Is l composite?
True
Let o(b) be the second derivative of 28*b + 0 - 13/2*b**2 + 125/6*b**3. Is o(6) a composite number?
True
Let y(d) = 14649*d**2 - 99*d + 295. Is y(3) composite?
False
Suppose 0 = 3*q + 4*r - 109, -3*q + 116 = -3*r + 14. Let l be (-40)/(-3)*63/q. Is (1 - 0)/((l/3964)/6) prime?
True
Suppose 7*r + 72 = r. Let o be r/(-42) + (-36)/28. Is (-913)/11*1/o a prime number?
True
Suppose 0 = h - 2*h - 5*l - 1, -3*h + l = -29. Suppose -h*a + 5 = -8*a. Suppose -4*v = -a*v + 635. Is v a prime number?
False
Let g(l) = l**2 - 7*l - 3. Let j be 1 + 3 + -1 + -1. Suppose -w = -6*s + s - 9, w = -j*s + 16. Is g(w) composite?
True
Let t = 542772 + 59785. Is t prime?
False
Suppose 0*g = -2*g + 3*g. Let p be 200/(-20) + g/2. Let j(h) = 7*h**2 - h - 19. Is j(p) a composite number?
False
Suppose h - 2953 = -3*k, -553*k = -551*k - 2*h - 1974. Is k prime?
False
Let c(p) be the third derivative of p**5/10 - 5*p**4/8 - 77*p**3/6 + 2*p**2 + 49*p. Is c(-24) prime?
True
Let l(a) = 2*a + 7. Let v(y) = -y. Let x(c) = l(c) + 3*v(c). Let f be x(7). Let w(i) = -i**2 - 4*i + 37. Is w(f) composite?
False
Let f(v) = 108*v**2 - 2*v + 10. Let g be f(-5). Let s = g + -1588. Suppose 3*i = -x + s, -5*i + x - 27 = -1927. Is i composite?
False
Suppose -z + 108177 = u, 0 = z - 71*u + 76*u - 108169. Is z composite?
False
Let l = 2766 - 1111. Suppose 2*j = 5*q + 6*j + l, -2*j = 0. Let f = q + 740. Is f a prime number?
True
Let h(i) = 2461*i**2 - 12*i + 11. Let o(u) = u**3 - 15*u**2 - 15*u - 15. Let a be o(16). Let f be h(a). Suppose -481 - f = -w. Is w a prime number?
False
Let b(d) = d**2 + 3*d - 14. Let m be b(3). Suppose -33 = 7*o - m*o. Let c(a) = -121*a + 30. Is c(o) composite?
False
Let x be ((-21)/6 + 3)/(1/(-8)). Suppose 5*v + 9*v = x*v. Suppose 3*z + 3*m - 627 = v, -5*z - 4*m + 0*m + 1045 = 0. Is z prime?
False
Let h = 101589 + -63246. Is h a composite number?
True
Let y(u) = -u**3 - 16*u**2 - 28*u + 6. Let k be y(-14). Is 15/(-35) + (k - (-87042)/42) prime?
False
Let d(s) = -s**3 + s**2 - 2*s. Let l be d(-3). Suppose 45*k - 8631 = l*k. Suppose -4*u + 1120 = -5*f - k, -4*f + 4945 = 5*u. Is u prime?
False
Suppose 14761 = 10*q + 19*q. Suppose -2590 = -b - q. Is b a prime number?
True
Suppose 6*w = 26644 + 21338. Let o = w + -5676. Is o prime?
False
Let r(v) = -81*v - 90*v + 8*v**3 + 15*v**2 + 155*v + 7 + 8*v**3 - 3. Suppose -6 = 5*p + 4*u - 61, 2*u = -5*p + 45. Is r(p) prime?
False
Let n(w) = -154*w**2 - 6*w - 3. Let c(i) = i + 1. Let t(r) = -3*c(r) - n(r). Let l be t(-2). Let g = l + -237. Is g a prime number?
True
Let g(m) = -387*m - 5. Let l be g(-5). Suppose w - 5*i + 182 - 1152 = 0, -3*i + 946 = w. Suppose k + f = w, -2*k + 6*f - 3*f = -l. Is k composite?
True
Let y be ((-2)/(8/(-6)))/(1/12). Suppose k - 18 = -y. Suppose k = 3*h - 5*f - 1613, -2*h + 2*f = 3*f - 1084. Is h composite?
False
Suppose 37*y - 41*y = -20. Is (3 - y)/(6/(-16527)) prime?
False
Let x = 29567 - -90918. Is x a prime number?
False
Suppose -2*f - 38 = -0*f. Let g be (29 - (11 + 9)) + -5. Is -2012*(f/g + 2 + 0) a composite number?
True
Let j = -259575 + 482306. Is j prime?
True
Let h(z) = 2*z**2 - 37*z - 19. Let s be h(19). Let d(u) = u**2 - 7*u + 135. Let r(t) = -t**2 + 6*t - 136. Let y(f) = -3*d(f) - 4*r(f). Is y(s) prime?
True
Let c(k) = -k**3 - 19*k**2 - 18*k - 2. Let z be c(-18). Let x be (0 - z/(-3))*395940/(-40). Suppose -2*l = -3*o + x, o - 2*l - 2208 = -3*l. Is o composite?
False
Let x(y) = y**3 - 6*y**2 - 2*y**2 - 2*y + 42*y**3 - 10*y**3 - 7 - 7*y**2. Is x(9) prime?
True
Let b(j) = j + 5. Let k be b(0). Suppose o - 362 = 2*u, -k*o + 2*u + 1210 + 624 = 0. Suppose -5*h + o = -1167. Is h a composite number?
False
Let v(j) = -6796*j + 3107. Is v(-47) a prime number?
True
Let a = -38 + 16. Let r = a - -24. Is (-1*(